{"id":185,"date":"2025-01-25T06:14:49","date_gmt":"2025-01-25T06:14:49","guid":{"rendered":"https:\/\/majlis.com.br\/home\/?page_id=185"},"modified":"2025-01-25T06:31:51","modified_gmt":"2025-01-25T06:31:51","slug":"noticia-1","status":"publish","type":"page","link":"https:\/\/majlis.com.br\/home\/noticia-1\/","title":{"rendered":"Noticia 1"},"content":{"rendered":"\n\n\n<h2><br><\/h2>\n\n\n\n\n\n\n\n\n\n<p>Presidente da CDL Campo Grande e ex-diretor de Assuntos Internacionais de Foz do Igua\u00e7u debatem projeto que facilita consultar dados de consumidores entre 4 pa\u00edses<\/p>\n\n\n\n\n\n\n\n\n\n\n\n\n\n\n\n\n\n\n\n\n\n\n\n\n\n\n<p style=\"text-align: right; \"><span style=\"font-size: 20px; color: rgb(255, 255, 255);\"><strong style=\"line-height: 1;\">LOREM CORPORATE CEO<\/strong><\/span><\/p><p style=\"text-align: center;\"><span style=\"color: rgb(255, 255, 255);\">Duis aute irure dolor in reprehenderit in voluptate velit esse cillum dolore eu fugiat nulla pariatur. Excepteur sint occaecat cupidatat non proident, sunt in culpa qui officia deserunt mollit anim id est laborum.<\/span><\/p><p style=\"text-align: left;\"><sign>\u00a0 \u00a0 \u00a0 <span style=\"line-height: 2.0;\">Benn Marshall<\/span><\/sign><\/p>\n\n\n<p>Jihad visitou entidade para conhecer as potencialidades da regi\u00e3o<\/p><p>Publica\u00e7\u00e3o: 08\/01\/2025, Em: CDL Campos Grandes<\/p><p><br><\/p><p>Na tarde de ter\u00e7a-feira (07), a CDL Campo Grande recebeu a visita do ex-diretor de Assuntos Internacionais de Foz do Igua\u00e7u, Jihad Abu Ali, para conhecer as potencialidades locais e debater sobre futuras parcerias.<\/p><p>Na ocasi\u00e3o, uma das pautas discutidas foi o projeto de internacionaliza\u00e7\u00e3o das cidades de fronteiras de Mato Grosso do Sul, como SPC Internacional. O projeto visa facilitar a consulta de cadastros e registros entre Brasil, Argentina, Paraguai e Bol\u00edvia.<\/p><p>\u201cA CDL Campo Grande sempre est\u00e1 pronta para aprimorar e levar novidades aos lojistas. Esse \u00e9 um projeto que iremos trabalhar para poder entregar melhoria aos nossos associados. \u00c9 sempre uma honra debater assuntos como esse com pessoas que tem expertise em internacionaliza\u00e7\u00e3o\u201d, destacou o presidente da CDL Campo Grande, Adelaido Vila.<\/p><p>Jihad ainda destacou o grande potencial do Estado para se conectar com mercados internacionais.<\/p><p>\u201cVejo muito potencial nessa regi\u00e3o de Mato Grosso do Sul. Vamos trabalhar a Rota Bioce\u00e2nica, a Rota de Integra\u00e7\u00e3o, porque isso passa em v\u00e1rias cidades por aqui, principalmente, na rela\u00e7\u00e3o com pa\u00edses \u00c1rabes e com a China\u201d, pontuou.<\/p><p>Al\u00e9m disso, o ex-diretor tamb\u00e9m destaca que teve um relacionamento comercial forte com a China, durante 7 anos e 8 meses.<\/p><p>\u201cFoz do Igua\u00e7u se tornou refer\u00eancia nacional no relacionamento, e \u00e9 o primeiro munic\u00edpio fundador da Alian\u00e7a Internacional das Cidades Tur\u00edsticas da Rota da Sede. A ideia \u00e9 compartilhar toda a expertise de Foz do Igua\u00e7u com a internacionaliza\u00e7\u00e3o para cidades de Mato Grosso do Sul\u201d, finalizou.<\/p><p>Entenda<\/p><p>A visita de Jihad ocorreu a convite do Parlim (Parlamento Internacional Municipal de Ponta Por\u00e3), com o objetivo de trabalhar a internacionaliza\u00e7\u00e3o. A primeira parada ocorreu em Ponta Por\u00e3, por 4 dias. O procurador-geral da C\u00e2mara de Vereadores, Fabiano Castilho, tamb\u00e9m acompanha a agenda.<\/p>\n\n\n\n\n","protected":false},"excerpt":{"rendered":"","protected":false},"author":1,"featured_media":0,"parent":0,"menu_order":0,"comment_status":"closed","ping_status":"closed","template":"","meta":{"_siteseo_robots_primary_cat":"","pagelayer_contact_templates":[],"_pagelayer_content":"","footnotes":""},"class_list":["post-185","page","type-page","status-publish","hentry"],"_links":{"self":[{"href":"https:\/\/majlis.com.br\/home\/wp-json\/wp\/v2\/pages\/185","targetHints":{"allow":["GET"]}}],"collection":[{"href":"https:\/\/majlis.com.br\/home\/wp-json\/wp\/v2\/pages"}],"about":[{"href":"https:\/\/majlis.com.br\/home\/wp-json\/wp\/v2\/types\/page"}],"author":[{"embeddable":true,"href":"https:\/\/majlis.com.br\/home\/wp-json\/wp\/v2\/users\/1"}],"replies":[{"embeddable":true,"href":"https:\/\/majlis.com.br\/home\/wp-json\/wp\/v2\/comments?post=185"}],"version-history":[{"count":6,"href":"https:\/\/majlis.com.br\/home\/wp-json\/wp\/v2\/pages\/185\/revisions"}],"predecessor-version":[{"id":199,"href":"https:\/\/majlis.com.br\/home\/wp-json\/wp\/v2\/pages\/185\/revisions\/199"}],"wp:attachment":[{"href":"https:\/\/majlis.com.br\/home\/wp-json\/wp\/v2\/media?parent=185"}],"curies":[{"name":"wp","href":"https:\/\/api.w.org\/{rel}","templated":true}]}}

<h2><br></h2>









<p>Presidente da CDL Campo Grande e ex-diretor de Assuntos Internacionais de Foz do Iguaçu debatem projeto que facilita consultar dados de consumidores entre 4 países</p>


























<p style="text-align: right; "><span style="font-size: 20px; color: rgb(255, 255, 255);"><strong style="line-height: 1;">LOREM CORPORATE CEO</strong></span></p><p style="text-align: center;"><span style="color: rgb(255, 255, 255);">Duis aute irure dolor in reprehenderit in voluptate velit esse cillum dolore eu fugiat nulla pariatur. Excepteur sint occaecat cupidatat non proident, sunt in culpa qui officia deserunt mollit anim id est laborum.</span></p><p style="text-align: left;"><sign>      <span style="line-height: 2.0;">Benn Marshall</span></sign></p>


<p>Jihad visitou entidade para conhecer as potencialidades da região</p><p>Publicação: 08/01/2025, Em: CDL Campos Grandes</p><p><br></p><p>Na tarde de terça-feira (07), a CDL Campo Grande recebeu a visita do ex-diretor de Assuntos Internacionais de Foz do Iguaçu, Jihad Abu Ali, para conhecer as potencialidades locais e debater sobre futuras parcerias.</p><p>Na ocasião, uma das pautas discutidas foi o projeto de internacionalização das cidades de fronteiras de Mato Grosso do Sul, como SPC Internacional. O projeto visa facilitar a consulta de cadastros e registros entre Brasil, Argentina, Paraguai e Bolívia.</p><p>“A CDL Campo Grande sempre está pronta para aprimorar e levar novidades aos lojistas. Esse é um projeto que iremos trabalhar para poder entregar melhoria aos nossos associados. É sempre uma honra debater assuntos como esse com pessoas que tem expertise em internacionalização”, destacou o presidente da CDL Campo Grande, Adelaido Vila.</p><p>Jihad ainda destacou o grande potencial do Estado para se conectar com mercados internacionais.</p><p>“Vejo muito potencial nessa região de Mato Grosso do Sul. Vamos trabalhar a Rota Bioceânica, a Rota de Integração, porque isso passa em várias cidades por aqui, principalmente, na relação com países Árabes e com a China”, pontuou.</p><p>Além disso, o ex-diretor também destaca que teve um relacionamento comercial forte com a China, durante 7 anos e 8 meses.</p><p>“Foz do Iguaçu se tornou referência nacional no relacionamento, e é o primeiro município fundador da Aliança Internacional das Cidades Turísticas da Rota da Sede. A ideia é compartilhar toda a expertise de Foz do Iguaçu com a internacionalização para cidades de Mato Grosso do Sul”, finalizou.</p><p>Entenda</p><p>A visita de Jihad ocorreu a convite do Parlim (Parlamento Internacional Municipal de Ponta Porã), com o objetivo de trabalhar a internacionalização. A primeira parada ocorreu em Ponta Porã, por 4 dias. O procurador-geral da Câmara de Vereadores, Fabiano Castilho, também acompanha a agenda.</p>
