{"id":204,"date":"2025-01-25T06:33:07","date_gmt":"2025-01-25T06:33:07","guid":{"rendered":"https:\/\/majlis.com.br\/home\/?page_id=204"},"modified":"2025-01-25T06:46:38","modified_gmt":"2025-01-25T06:46:38","slug":"noticia-2","status":"publish","type":"page","link":"https:\/\/majlis.com.br\/home\/noticia-2\/","title":{"rendered":"Noticia 2"},"content":{"rendered":"\n\n\n<h2><br><\/h2>\n\n\n\n\n\n\n\n\n\n<p>Ponta Por\u00e3 e Pedro Juan Caballero buscam internacionaliza\u00e7\u00e3o por meio do PARLIM<\/p>\n\n\n\n\n\n\n\n\n\n\n\n\n\n\n\n\n\n\n\n\n\n\n\n\n\n\n<p style=\"text-align: right; \"><span style=\"font-size: 20px; color: rgb(255, 255, 255);\"><strong style=\"line-height: 1;\">LOREM CORPORATE CEO<\/strong><\/span><\/p><p style=\"text-align: center;\"><span style=\"color: rgb(255, 255, 255);\">Duis aute irure dolor in reprehenderit in voluptate velit esse cillum dolore eu fugiat nulla pariatur. Excepteur sint occaecat cupidatat non proident, sunt in culpa qui officia deserunt mollit anim id est laborum.<\/span><\/p><p style=\"text-align: left;\"><sign>\u00a0 \u00a0 \u00a0 <span style=\"line-height: 2.0;\">Benn Marshall<\/span><\/sign><\/p>\n\n\n<p>Publicado o: 06-01-2025, Em: Sitio Camara Municipal de Ponta Por\u00e3<\/p><p>Neste final de semana, a regi\u00e3o de fronteira entre o Brasil e o Paraguai recebeu a visita de Jihad Ahmad Abu Ali, ex-diretor de Assuntos Internacionais de Foz do Igua\u00e7u, na Tr\u00edplice Fronteira com Paraguai e Argentina. Durante sua estadia, Jihad se dedicou a conhecer as potencialidades da regi\u00e3o, com o objetivo de contribuir para o desenvolvimento de a\u00e7\u00f5es voltadas \u00e0 atra\u00e7\u00e3o de investidores internacionais e \u00e0 coopera\u00e7\u00e3o conjunta entre os munic\u00edpios, visando o progresso local.<\/p><p>Um dos destaques da agenda foi a visita ao distrito de Nova Itamarati, acompanhada pela Vereadora Nat\u00e1lia Velasques.<\/p><p>Na manh\u00e3 de segunda-feira, 6 de janeiro, participou de um encontro com o NIPE \u2013 N\u00facleo de Inova\u00e7\u00e3o e Planejamento Estrat\u00e9gico, onde discutiu a parceria entre NIPE e PARLIM para fortalecer as rela\u00e7\u00f5es Internacionais do territ\u00f3rio. A reuni\u00e3o contou com a presen\u00e7a da Dra. Paula Consalter Campos, da Secretaria Municipal de Governo e Comunica\u00e7\u00e3o. Durante o encontro, Jihad entregou \u00e0 Dra. Paula uma c\u00f3pia do Acordo sobre Localidades Fronteiri\u00e7as Vinculadas, assinado pelo Mercosul, enfatizando a import\u00e2ncia do apoio do Executivo Municipal a essa iniciativa promovida pelo PARLIM para o desenvolvimento local.<\/p><p>Outro momento significativo foi a reuni\u00e3o com o Intendente de Pedro Juan Caballero, Ronald Henrique Acevedo Quevedo, acompanhada por membros do corpo t\u00e9cnico da C\u00e2mara Municipal de Ponta Por\u00e3 e pelo Vereador Jos\u00e9 Menino J\u00fanior. O Intendente demonstrou entusiasmo com a visita e comprometeu-se a apoiar as propostas encaminhadas pelo Legislativo para o avan\u00e7o da regi\u00e3o. Ronald tamb\u00e9m recebeu uma c\u00f3pia do Acordo sobre Localidades Fronteiri\u00e7as Vinculadas e ressaltou a import\u00e2ncia da exist\u00eancia do PARLIM na resolu\u00e7\u00e3o de problemas locais.<\/p><p>A visita de Jihad ocorreu a convite do PARLIM, representado pelo Vereador Agnaldo Pereira Lima. Durante os encontros, Jihad destacou as boas pr\u00e1ticas de integra\u00e7\u00e3o entre os poderes executivos de Foz do Igua\u00e7u e Ciudad del Este, sugerindo a adapta\u00e7\u00e3o dessas pr\u00e1ticas para a realidade local, onde o Legislativo desempenha um papel de destaque. Ele afirmou: \u201cEstou apaixonado pela regi\u00e3o de voc\u00eas, por essa integra\u00e7\u00e3o vivida dos dois lados, brasileiro e paraguaio. Esta regi\u00e3o tem muito potencial. Acredito no trabalho conjunto e na internacionaliza\u00e7\u00e3o do munic\u00edpio, seguindo as boas pr\u00e1ticas de Foz do Igua\u00e7u.<\/p><p>A visita de Jihad Ahmad Abu Ali reafirma a import\u00e2ncia de iniciativas voltadas \u00e0 colabora\u00e7\u00e3o internacional e ao desenvolvimento local, fortalecendo os la\u00e7os entre Brasil e Paraguai e promovendo a integra\u00e7\u00e3o regional.<\/p>\n\n\n\n\n","protected":false},"excerpt":{"rendered":"","protected":false},"author":1,"featured_media":0,"parent":0,"menu_order":0,"comment_status":"closed","ping_status":"closed","template":"","meta":{"_siteseo_robots_primary_cat":"","pagelayer_contact_templates":[],"_pagelayer_content":"","footnotes":""},"class_list":["post-204","page","type-page","status-publish","hentry"],"_links":{"self":[{"href":"https:\/\/majlis.com.br\/home\/wp-json\/wp\/v2\/pages\/204","targetHints":{"allow":["GET"]}}],"collection":[{"href":"https:\/\/majlis.com.br\/home\/wp-json\/wp\/v2\/pages"}],"about":[{"href":"https:\/\/majlis.com.br\/home\/wp-json\/wp\/v2\/types\/page"}],"author":[{"embeddable":true,"href":"https:\/\/majlis.com.br\/home\/wp-json\/wp\/v2\/users\/1"}],"replies":[{"embeddable":true,"href":"https:\/\/majlis.com.br\/home\/wp-json\/wp\/v2\/comments?post=204"}],"version-history":[{"count":2,"href":"https:\/\/majlis.com.br\/home\/wp-json\/wp\/v2\/pages\/204\/revisions"}],"predecessor-version":[{"id":209,"href":"https:\/\/majlis.com.br\/home\/wp-json\/wp\/v2\/pages\/204\/revisions\/209"}],"wp:attachment":[{"href":"https:\/\/majlis.com.br\/home\/wp-json\/wp\/v2\/media?parent=204"}],"curies":[{"name":"wp","href":"https:\/\/api.w.org\/{rel}","templated":true}]}}

<h2><br></h2>









<p>Ponta Porã e Pedro Juan Caballero buscam internacionalização por meio do PARLIM</p>


























<p style="text-align: right; "><span style="font-size: 20px; color: rgb(255, 255, 255);"><strong style="line-height: 1;">LOREM CORPORATE CEO</strong></span></p><p style="text-align: center;"><span style="color: rgb(255, 255, 255);">Duis aute irure dolor in reprehenderit in voluptate velit esse cillum dolore eu fugiat nulla pariatur. Excepteur sint occaecat cupidatat non proident, sunt in culpa qui officia deserunt mollit anim id est laborum.</span></p><p style="text-align: left;"><sign>      <span style="line-height: 2.0;">Benn Marshall</span></sign></p>


<p>Publicado o: 06-01-2025, Em: Sitio Camara Municipal de Ponta Porã</p><p>Neste final de semana, a região de fronteira entre o Brasil e o Paraguai recebeu a visita de Jihad Ahmad Abu Ali, ex-diretor de Assuntos Internacionais de Foz do Iguaçu, na Tríplice Fronteira com Paraguai e Argentina. Durante sua estadia, Jihad se dedicou a conhecer as potencialidades da região, com o objetivo de contribuir para o desenvolvimento de ações voltadas à atração de investidores internacionais e à cooperação conjunta entre os municípios, visando o progresso local.</p><p>Um dos destaques da agenda foi a visita ao distrito de Nova Itamarati, acompanhada pela Vereadora Natália Velasques.</p><p>Na manhã de segunda-feira, 6 de janeiro, participou de um encontro com o NIPE – Núcleo de Inovação e Planejamento Estratégico, onde discutiu a parceria entre NIPE e PARLIM para fortalecer as relações Internacionais do território. A reunião contou com a presença da Dra. Paula Consalter Campos, da Secretaria Municipal de Governo e Comunicação. Durante o encontro, Jihad entregou à Dra. Paula uma cópia do Acordo sobre Localidades Fronteiriças Vinculadas, assinado pelo Mercosul, enfatizando a importância do apoio do Executivo Municipal a essa iniciativa promovida pelo PARLIM para o desenvolvimento local.</p><p>Outro momento significativo foi a reunião com o Intendente de Pedro Juan Caballero, Ronald Henrique Acevedo Quevedo, acompanhada por membros do corpo técnico da Câmara Municipal de Ponta Porã e pelo Vereador José Menino Júnior. O Intendente demonstrou entusiasmo com a visita e comprometeu-se a apoiar as propostas encaminhadas pelo Legislativo para o avanço da região. Ronald também recebeu uma cópia do Acordo sobre Localidades Fronteiriças Vinculadas e ressaltou a importância da existência do PARLIM na resolução de problemas locais.</p><p>A visita de Jihad ocorreu a convite do PARLIM, representado pelo Vereador Agnaldo Pereira Lima. Durante os encontros, Jihad destacou as boas práticas de integração entre os poderes executivos de Foz do Iguaçu e Ciudad del Este, sugerindo a adaptação dessas práticas para a realidade local, onde o Legislativo desempenha um papel de destaque. Ele afirmou: “Estou apaixonado pela região de vocês, por essa integração vivida dos dois lados, brasileiro e paraguaio. Esta região tem muito potencial. Acredito no trabalho conjunto e na internacionalização do município, seguindo as boas práticas de Foz do Iguaçu.</p><p>A visita de Jihad Ahmad Abu Ali reafirma a importância de iniciativas voltadas à colaboração internacional e ao desenvolvimento local, fortalecendo os laços entre Brasil e Paraguai e promovendo a integração regional.</p>
