{"id":366,"date":"2025-05-06T16:44:08","date_gmt":"2025-05-06T16:44:08","guid":{"rendered":"https:\/\/majlis.com.br\/home\/?page_id=366"},"modified":"2025-05-06T16:57:46","modified_gmt":"2025-05-06T16:57:46","slug":"noticia-5","status":"publish","type":"page","link":"https:\/\/majlis.com.br\/home\/noticia-5\/","title":{"rendered":"Noticia 5"},"content":{"rendered":"\n\n\n<h2><br><\/h2>\n\n\n\n\n\n\n\n\n\n<p><span style=\"font-weight:normal;\" id=\"docs-internal-guid-6df7e1cb-7fff-756a-eb82-6d8688ac98de\"><\/span><\/p><p dir=\"ltr\" style=\"line-height:1.38;text-align: justify;margin-top:0pt;margin-bottom:0pt;\"><span style=\"font-weight:normal;\" id=\"docs-internal-guid-286ceaf7-7fff-804f-cc2b-5e6779e23a65\"><\/span><\/p><p dir=\"ltr\" style=\"line-height:1.38;text-align: justify;margin-top:12pt;margin-bottom:12pt;\"><span style=\"font-size:13.999999999999998pt;font-family:Arial,sans-serif;color:#000000;background-color:transparent;font-weight:700;font-style:normal;font-variant:normal;text-decoration:none;vertical-align:baseline;white-space:pre;white-space:pre-wrap;\">Ciudad del Este intensifica la\u00e7os com o Paran\u00e1 e ganha destaque no Maior Evento de Cidades Inteligentes das Am\u00e9ricas.<\/span><\/p>\n\n\n\n\n\n\n\n\n\n\n\n\n\n\n\n\n\n\n\n\n\n\n\n\n\n\n<p style=\"text-align: right; \"><span style=\"font-size: 20px; color: rgb(255, 255, 255);\"><strong style=\"line-height: 1;\">LOREM CORPORATE CEO<\/strong><\/span><\/p><p style=\"text-align: center;\"><span style=\"color: rgb(255, 255, 255);\">Duis aute irure dolor in reprehenderit in voluptate velit esse cillum dolore eu fugiat nulla pariatur. Excepteur sint occaecat cupidatat non proident, sunt in culpa qui officia deserunt mollit anim id est laborum.<\/span><\/p><p style=\"text-align: left;\"><sign>\u00a0 \u00a0 \u00a0 <span style=\"line-height: 2.0;\">Benn Marshall<\/span><\/sign><\/p>\n<p><span style=\"color: rgb(0, 0, 0); font-family: Poppins; font-size: 15px; font-style: normal; font-variant-ligatures: normal; font-variant-caps: normal; font-weight: 400; text-align: justify; white-space-collapse: preserve;\"><br><\/span><\/p>\n<p style=\"text-align: justify;\"><span style=\"color: rgb(0, 0, 0); font-family: Poppins; font-size: 15px; font-style: normal; font-variant-ligatures: normal; font-variant-caps: normal; font-weight: 400; text-align: justify; white-space-collapse: preserve;\">Durante o evento, Prieto destacou as vantagens competitivas de Ciudad del Este, incluindo sua localiza\u00e7\u00e3o estrat\u00e9gica e incentivos fiscais, visando atrair investimentos brasileiros. Lideran\u00e7as empresariais e pol\u00edticas paranaenses, como o vice-governador Darci Piana, ressaltaram a import\u00e2ncia de estreitar la\u00e7os com o Paraguai, enfatizando o potencial de crescimento m\u00fatuo e a necessidade de coopera\u00e7\u00e3o para o desenvolvimento regional.<\/span><\/p>\n\n\n<p dir=\"ltr\" style=\"line-height:1.38;text-align: justify;margin-top:12pt;margin-bottom:12pt;\"><span style=\"font-size:11pt;font-family:Arial,sans-serif;color:#000000;background-color:transparent;font-weight:700;font-style:italic;font-variant:normal;text-decoration:none;vertical-align:baseline;white-space:pre;white-space:pre-wrap;\">De olho em novos investimentos e inova\u00e7\u00e3o urbana, delega\u00e7\u00e3o paraguaia marca presen\u00e7a estrat\u00e9gica em Curitiba<\/span><\/p><p dir=\"ltr\" style=\"line-height:1.38;text-align: justify;margin-top:12pt;margin-bottom:12pt;\"><span style=\"font-size:11pt;font-family:Arial,sans-serif;color:#000000;background-color:transparent;font-weight:400;font-style:normal;font-variant:normal;text-decoration:none;vertical-align:baseline;white-space:pre;white-space:pre-wrap;\">Em 24 de mar\u00e7o de 2025, Miguel Prieto Vallejos, prefeito de Ciudad del Este, liderou uma comitiva em Curitiba para discutir oportunidades de investimento e crescimento econ\u00f4mico entre o Paraguai e o estado do Paran\u00e1. O encontro ocorreu na Associa\u00e7\u00e3o Comercial do Paran\u00e1 (ACP), em parceria com o Instituto de Desenvolvimento Econ\u00f4mico e Social de Fronteiras (Idesf) e apoio do Grupo RIC. \u200b<\/span><\/p><p><span id=\"docs-internal-guid-af348219-7fff-b3b5-4063-23ef2c5f68dc\"><\/span><\/p><p dir=\"ltr\" style=\"line-height:1.38;text-align: justify;margin-top:12pt;margin-bottom:12pt;\"><br><\/p>\n\n\n\n\n\n","protected":false},"excerpt":{"rendered":"","protected":false},"author":1,"featured_media":0,"parent":0,"menu_order":0,"comment_status":"closed","ping_status":"closed","template":"","meta":{"_siteseo_robots_primary_cat":"","pagelayer_contact_templates":[],"_pagelayer_content":"","footnotes":""},"class_list":["post-366","page","type-page","status-publish","hentry"],"_links":{"self":[{"href":"https:\/\/majlis.com.br\/home\/wp-json\/wp\/v2\/pages\/366","targetHints":{"allow":["GET"]}}],"collection":[{"href":"https:\/\/majlis.com.br\/home\/wp-json\/wp\/v2\/pages"}],"about":[{"href":"https:\/\/majlis.com.br\/home\/wp-json\/wp\/v2\/types\/page"}],"author":[{"embeddable":true,"href":"https:\/\/majlis.com.br\/home\/wp-json\/wp\/v2\/users\/1"}],"replies":[{"embeddable":true,"href":"https:\/\/majlis.com.br\/home\/wp-json\/wp\/v2\/comments?post=366"}],"version-history":[{"count":2,"href":"https:\/\/majlis.com.br\/home\/wp-json\/wp\/v2\/pages\/366\/revisions"}],"predecessor-version":[{"id":371,"href":"https:\/\/majlis.com.br\/home\/wp-json\/wp\/v2\/pages\/366\/revisions\/371"}],"wp:attachment":[{"href":"https:\/\/majlis.com.br\/home\/wp-json\/wp\/v2\/media?parent=366"}],"curies":[{"name":"wp","href":"https:\/\/api.w.org\/{rel}","templated":true}]}}

<h2><br></h2>









<p><span style="font-weight:normal;" id="docs-internal-guid-6df7e1cb-7fff-756a-eb82-6d8688ac98de"></span></p><p dir="ltr" style="line-height:1.38;text-align: justify;margin-top:0pt;margin-bottom:0pt;"><span style="font-weight:normal;" id="docs-internal-guid-286ceaf7-7fff-804f-cc2b-5e6779e23a65"></span></p><p dir="ltr" style="line-height:1.38;text-align: justify;margin-top:12pt;margin-bottom:12pt;"><span style="font-size:13.999999999999998pt;font-family:Arial,sans-serif;color:#000000;background-color:transparent;font-weight:700;font-style:normal;font-variant:normal;text-decoration:none;vertical-align:baseline;white-space:pre;white-space:pre-wrap;">Ciudad del Este intensifica laços com o Paraná e ganha destaque no Maior Evento de Cidades Inteligentes das Américas.</span></p>


























<p style="text-align: right; "><span style="font-size: 20px; color: rgb(255, 255, 255);"><strong style="line-height: 1;">LOREM CORPORATE CEO</strong></span></p><p style="text-align: center;"><span style="color: rgb(255, 255, 255);">Duis aute irure dolor in reprehenderit in voluptate velit esse cillum dolore eu fugiat nulla pariatur. Excepteur sint occaecat cupidatat non proident, sunt in culpa qui officia deserunt mollit anim id est laborum.</span></p><p style="text-align: left;"><sign>      <span style="line-height: 2.0;">Benn Marshall</span></sign></p>
<p><span style="color: rgb(0, 0, 0); font-family: Poppins; font-size: 15px; font-style: normal; font-variant-ligatures: normal; font-variant-caps: normal; font-weight: 400; text-align: justify; white-space-collapse: preserve;"><br></span></p>
<p style="text-align: justify;"><span style="color: rgb(0, 0, 0); font-family: Poppins; font-size: 15px; font-style: normal; font-variant-ligatures: normal; font-variant-caps: normal; font-weight: 400; text-align: justify; white-space-collapse: preserve;">Durante o evento, Prieto destacou as vantagens competitivas de Ciudad del Este, incluindo sua localização estratégica e incentivos fiscais, visando atrair investimentos brasileiros. Lideranças empresariais e políticas paranaenses, como o vice-governador Darci Piana, ressaltaram a importância de estreitar laços com o Paraguai, enfatizando o potencial de crescimento mútuo e a necessidade de cooperação para o desenvolvimento regional.</span></p>


<p dir="ltr" style="line-height:1.38;text-align: justify;margin-top:12pt;margin-bottom:12pt;"><span style="font-size:11pt;font-family:Arial,sans-serif;color:#000000;background-color:transparent;font-weight:700;font-style:italic;font-variant:normal;text-decoration:none;vertical-align:baseline;white-space:pre;white-space:pre-wrap;">De olho em novos investimentos e inovação urbana, delegação paraguaia marca presença estratégica em Curitiba</span></p><p dir="ltr" style="line-height:1.38;text-align: justify;margin-top:12pt;margin-bottom:12pt;"><span style="font-size:11pt;font-family:Arial,sans-serif;color:#000000;background-color:transparent;font-weight:400;font-style:normal;font-variant:normal;text-decoration:none;vertical-align:baseline;white-space:pre;white-space:pre-wrap;">Em 24 de março de 2025, Miguel Prieto Vallejos, prefeito de Ciudad del Este, liderou uma comitiva em Curitiba para discutir oportunidades de investimento e crescimento econômico entre o Paraguai e o estado do Paraná. O encontro ocorreu na Associação Comercial do Paraná (ACP), em parceria com o Instituto de Desenvolvimento Econômico e Social de Fronteiras (Idesf) e apoio do Grupo RIC. ​</span></p><p><span id="docs-internal-guid-af348219-7fff-b3b5-4063-23ef2c5f68dc"></span></p><p dir="ltr" style="line-height:1.38;text-align: justify;margin-top:12pt;margin-bottom:12pt;"><br></p>
