{"id":375,"date":"2025-05-06T17:00:15","date_gmt":"2025-05-06T17:00:15","guid":{"rendered":"https:\/\/majlis.com.br\/home\/?page_id=375"},"modified":"2025-05-06T17:01:38","modified_gmt":"2025-05-06T17:01:38","slug":"noticia-6","status":"publish","type":"page","link":"https:\/\/majlis.com.br\/home\/noticia-6\/","title":{"rendered":"Noticia 6"},"content":{"rendered":"\n\n\n<h2><br><\/h2>\n\n\n\n\n\n\n\n\n\n<p><span style=\"font-weight:normal;\" id=\"docs-internal-guid-6df7e1cb-7fff-756a-eb82-6d8688ac98de\"><\/span><\/p><p dir=\"ltr\" style=\"line-height:1.38;text-align: justify;margin-top:0pt;margin-bottom:0pt;\"><span style=\"font-weight:normal;\" id=\"docs-internal-guid-e84dff1e-7fff-d9a4-1c91-12d2464b1fbf\"><\/span><\/p><p dir=\"ltr\" style=\"line-height:1.38;text-align: justify;margin-top:12pt;margin-bottom:12pt;\"><span style=\"font-size:13.999999999999998pt;font-family:Arial,sans-serif;color:#000000;background-color:transparent;font-weight:700;font-style:normal;font-variant:normal;text-decoration:none;vertical-align:baseline;white-space:pre;white-space:pre-wrap;\">Ciudad del Este se destaca no Smart City Expo Curitiba 2025 com Vis\u00e3o de Futuro e Coopera\u00e7\u00e3o Internacional.<\/span><\/p>\n\n\n\n\n\n\n\n\n\n\n\n\n\n\n\n\n\n\n\n\n\n\n\n\n\n\n<p style=\"text-align: right; \"><span style=\"font-size: 20px; color: rgb(255, 255, 255);\"><strong style=\"line-height: 1;\">LOREM CORPORATE CEO<\/strong><\/span><\/p><p style=\"text-align: center;\"><span style=\"color: rgb(255, 255, 255);\">Duis aute irure dolor in reprehenderit in voluptate velit esse cillum dolore eu fugiat nulla pariatur. Excepteur sint occaecat cupidatat non proident, sunt in culpa qui officia deserunt mollit anim id est laborum.<\/span><\/p><p style=\"text-align: left;\"><sign>\u00a0 \u00a0 \u00a0 <span style=\"line-height: 2.0;\">Benn Marshall<\/span><\/sign><\/p>\n\n\n<p dir=\"ltr\" style=\"line-height:1.38;text-align: justify;margin-top:12pt;margin-bottom:12pt;\"><span style=\"font-size:11pt;font-family:Arial,sans-serif;color:#000000;background-color:transparent;font-weight:400;font-style:normal;font-variant:normal;text-decoration:none;vertical-align:baseline;white-space:pre;white-space:pre-wrap;\">Uma comitiva da Prefeitura de Ciudad del Este, coordenada por Jihad Ahmad Abu Ali, participou do Smart City Expo Curitiba 2025, realizado de 25 a 27 de mar\u00e7o na Liga Arena, em Curitiba. O evento \u00e9 reconhecido como o maior f\u00f3rum sobre cidades inteligentes das Am\u00e9ricas, reunindo especialistas e autoridades para discutir solu\u00e7\u00f5es urbanas inovadoras.\u200b<\/span><\/p><p dir=\"ltr\" style=\"line-height:1.38;text-align: justify;margin-top:12pt;margin-bottom:12pt;\"><span style=\"font-size:11pt;font-family:Arial,sans-serif;color:#000000;background-color:transparent;font-weight:400;font-style:normal;font-variant:normal;text-decoration:none;vertical-align:baseline;white-space:pre;white-space:pre-wrap;\">A delega\u00e7\u00e3o contou com a presen\u00e7a de Diego de Jesus Ortigoza, diretor de Turismo e Rela\u00e7\u00f5es Internacionais; S\u00f4nia Raquel Barrios, diretora de Transporte P\u00fablico; e Yanina Portillo Borda, diretora da Secretaria da Mulher. Durante o evento, os representantes de Ciudad del Este participaram de palestras e pain\u00e9is que abordaram temas como mobilidade urbana sustent\u00e1vel, inclus\u00e3o social e uso de tecnologias para aprimorar os servi\u00e7os p\u00fablicos.\u200b<\/span><\/p><p dir=\"ltr\" style=\"line-height:1.38;text-align: justify;margin-top:12pt;margin-bottom:12pt;\"><span style=\"font-size:11pt;font-family:Arial,sans-serif;color:#000000;background-color:transparent;font-weight:400;font-style:normal;font-variant:normal;text-decoration:none;vertical-align:baseline;white-space:pre;white-space:pre-wrap;\">O Smart City Expo Curitiba 2025 registrou um p\u00fablico recorde de 21.712 visitantes de 600 cidades brasileiras e 25 pa\u00edses. A programa\u00e7\u00e3o incluiu a participa\u00e7\u00e3o de 180 palestrantes e 120 expositores, que apresentaram solu\u00e7\u00f5es inovadoras para os desafios urbanos contempor\u00e2neos.<\/span><\/p><p><span id=\"docs-internal-guid-261c18ce-7fff-0753-2feb-880e8d81b78a\"><\/span><\/p><p dir=\"ltr\" style=\"line-height:1.38;text-align: justify;margin-top:12pt;margin-bottom:12pt;\"><span style=\"font-size:11pt;font-family:Arial,sans-serif;color:#000000;background-color:transparent;font-weight:400;font-style:normal;font-variant:normal;text-decoration:none;vertical-align:baseline;white-space:pre;white-space:pre-wrap;\">A participa\u00e7\u00e3o de Ciudad del Este no evento refor\u00e7a o compromisso da cidade em buscar solu\u00e7\u00f5es inteligentes e sustent\u00e1veis para os desafios urbanos, promovendo a troca de experi\u00eancias e fortalecendo a coopera\u00e7\u00e3o internacional na regi\u00e3o da tr\u00edplice fronteira.<\/span><\/p>\n\n\n\n\n","protected":false},"excerpt":{"rendered":"","protected":false},"author":1,"featured_media":0,"parent":0,"menu_order":0,"comment_status":"closed","ping_status":"closed","template":"","meta":{"_siteseo_robots_primary_cat":"","pagelayer_contact_templates":[],"_pagelayer_content":"","footnotes":""},"class_list":["post-375","page","type-page","status-publish","hentry"],"_links":{"self":[{"href":"https:\/\/majlis.com.br\/home\/wp-json\/wp\/v2\/pages\/375","targetHints":{"allow":["GET"]}}],"collection":[{"href":"https:\/\/majlis.com.br\/home\/wp-json\/wp\/v2\/pages"}],"about":[{"href":"https:\/\/majlis.com.br\/home\/wp-json\/wp\/v2\/types\/page"}],"author":[{"embeddable":true,"href":"https:\/\/majlis.com.br\/home\/wp-json\/wp\/v2\/users\/1"}],"replies":[{"embeddable":true,"href":"https:\/\/majlis.com.br\/home\/wp-json\/wp\/v2\/comments?post=375"}],"version-history":[{"count":2,"href":"https:\/\/majlis.com.br\/home\/wp-json\/wp\/v2\/pages\/375\/revisions"}],"predecessor-version":[{"id":379,"href":"https:\/\/majlis.com.br\/home\/wp-json\/wp\/v2\/pages\/375\/revisions\/379"}],"wp:attachment":[{"href":"https:\/\/majlis.com.br\/home\/wp-json\/wp\/v2\/media?parent=375"}],"curies":[{"name":"wp","href":"https:\/\/api.w.org\/{rel}","templated":true}]}}

<h2><br></h2>









<p><span style="font-weight:normal;" id="docs-internal-guid-6df7e1cb-7fff-756a-eb82-6d8688ac98de"></span></p><p dir="ltr" style="line-height:1.38;text-align: justify;margin-top:0pt;margin-bottom:0pt;"><span style="font-weight:normal;" id="docs-internal-guid-e84dff1e-7fff-d9a4-1c91-12d2464b1fbf"></span></p><p dir="ltr" style="line-height:1.38;text-align: justify;margin-top:12pt;margin-bottom:12pt;"><span style="font-size:13.999999999999998pt;font-family:Arial,sans-serif;color:#000000;background-color:transparent;font-weight:700;font-style:normal;font-variant:normal;text-decoration:none;vertical-align:baseline;white-space:pre;white-space:pre-wrap;">Ciudad del Este se destaca no Smart City Expo Curitiba 2025 com Visão de Futuro e Cooperação Internacional.</span></p>


























<p style="text-align: right; "><span style="font-size: 20px; color: rgb(255, 255, 255);"><strong style="line-height: 1;">LOREM CORPORATE CEO</strong></span></p><p style="text-align: center;"><span style="color: rgb(255, 255, 255);">Duis aute irure dolor in reprehenderit in voluptate velit esse cillum dolore eu fugiat nulla pariatur. Excepteur sint occaecat cupidatat non proident, sunt in culpa qui officia deserunt mollit anim id est laborum.</span></p><p style="text-align: left;"><sign>      <span style="line-height: 2.0;">Benn Marshall</span></sign></p>


<p dir="ltr" style="line-height:1.38;text-align: justify;margin-top:12pt;margin-bottom:12pt;"><span style="font-size:11pt;font-family:Arial,sans-serif;color:#000000;background-color:transparent;font-weight:400;font-style:normal;font-variant:normal;text-decoration:none;vertical-align:baseline;white-space:pre;white-space:pre-wrap;">Uma comitiva da Prefeitura de Ciudad del Este, coordenada por Jihad Ahmad Abu Ali, participou do Smart City Expo Curitiba 2025, realizado de 25 a 27 de março na Liga Arena, em Curitiba. O evento é reconhecido como o maior fórum sobre cidades inteligentes das Américas, reunindo especialistas e autoridades para discutir soluções urbanas inovadoras.​</span></p><p dir="ltr" style="line-height:1.38;text-align: justify;margin-top:12pt;margin-bottom:12pt;"><span style="font-size:11pt;font-family:Arial,sans-serif;color:#000000;background-color:transparent;font-weight:400;font-style:normal;font-variant:normal;text-decoration:none;vertical-align:baseline;white-space:pre;white-space:pre-wrap;">A delegação contou com a presença de Diego de Jesus Ortigoza, diretor de Turismo e Relações Internacionais; Sônia Raquel Barrios, diretora de Transporte Público; e Yanina Portillo Borda, diretora da Secretaria da Mulher. Durante o evento, os representantes de Ciudad del Este participaram de palestras e painéis que abordaram temas como mobilidade urbana sustentável, inclusão social e uso de tecnologias para aprimorar os serviços públicos.​</span></p><p dir="ltr" style="line-height:1.38;text-align: justify;margin-top:12pt;margin-bottom:12pt;"><span style="font-size:11pt;font-family:Arial,sans-serif;color:#000000;background-color:transparent;font-weight:400;font-style:normal;font-variant:normal;text-decoration:none;vertical-align:baseline;white-space:pre;white-space:pre-wrap;">O Smart City Expo Curitiba 2025 registrou um público recorde de 21.712 visitantes de 600 cidades brasileiras e 25 países. A programação incluiu a participação de 180 palestrantes e 120 expositores, que apresentaram soluções inovadoras para os desafios urbanos contemporâneos.</span></p><p><span id="docs-internal-guid-261c18ce-7fff-0753-2feb-880e8d81b78a"></span></p><p dir="ltr" style="line-height:1.38;text-align: justify;margin-top:12pt;margin-bottom:12pt;"><span style="font-size:11pt;font-family:Arial,sans-serif;color:#000000;background-color:transparent;font-weight:400;font-style:normal;font-variant:normal;text-decoration:none;vertical-align:baseline;white-space:pre;white-space:pre-wrap;">A participação de Ciudad del Este no evento reforça o compromisso da cidade em buscar soluções inteligentes e sustentáveis para os desafios urbanos, promovendo a troca de experiências e fortalecendo a cooperação internacional na região da tríplice fronteira.</span></p>
