{"id":388,"date":"2025-05-06T17:35:05","date_gmt":"2025-05-06T17:35:05","guid":{"rendered":"https:\/\/majlis.com.br\/home\/?page_id=388"},"modified":"2025-05-06T18:01:58","modified_gmt":"2025-05-06T18:01:58","slug":"noticia-7","status":"publish","type":"page","link":"https:\/\/majlis.com.br\/home\/noticia-7\/","title":{"rendered":"Noticia 7"},"content":{"rendered":"\n\n\n<h2><br><\/h2>\n\n\n\n\n\n\n\n\n\n\n\n<h2>Ciudad del Este fortalece rela\u00e7\u00f5es internacionais em miss\u00e3o oficial aos Emirados \u00c1rabes Unidos<\/h2>\n\n\n\n\n\n\n\n\n\n\n\n\n\n<p class=\"MsoNormal\" style=\"text-align:justify\">O prefeito de Ciudad del Este, Miguel Prieto, acompanhado de sua delega\u00e7\u00e3o oficial, realizou uma miss\u00e3o estrat\u00e9gica aos Emirados \u00c1rabes Unidos para fortalecer a coopera\u00e7\u00e3o internacional e impulsionar o desenvolvimento urbano da cidade. A miss\u00e3o contou com a articula\u00e7\u00e3o de Jihad Ahmad Abu Ali, que atuou como representante institucional.<\/p><p class=\"MsoNormal\" style=\"text-align:justify\"><br><\/p><p class=\"MsoNormal\" style=\"text-align:justify\">Durante a programa\u00e7\u00e3o, a comitiva participou da AIM Conference (Annual Investment Meeting), um dos principais f\u00f3runs globais voltados \u00e0 atra\u00e7\u00e3o de investimentos e ao desenvolvimento de territ\u00f3rios inteligentes. O evento reuniu autoridades, empres\u00e1rios e lideran\u00e7as internacionais comprometidas com solu\u00e7\u00f5es concretas para os desafios econ\u00f4micos e urbanos do s\u00e9culo XXI.<\/p><p class=\"MsoNormal\" style=\"text-align:justify\"><br><\/p><p class=\"MsoNormal\" style=\"text-align:justify\">A miss\u00e3o tamb\u00e9m incluiu visita t\u00e9cnica \u00e0 Tatweer Middle East and Africa, empresa refer\u00eancia em inova\u00e7\u00e3o urbana e infraestrutura inteligente em Abu Dhabi. Com a articula\u00e7\u00e3o de Jihad Ahmad Abu Ali, foram estabelecidos contatos estrat\u00e9gicos para o fortalecimento de futuras coopera\u00e7\u00f5es nas \u00e1reas de mobilidade, tecnologia urbana e planejamento territorial.<\/p>\n\n\n\n\n\n\n\n\n\n\n\n\n\n\n\n\n\n\n\n","protected":false},"excerpt":{"rendered":"","protected":false},"author":1,"featured_media":0,"parent":0,"menu_order":0,"comment_status":"closed","ping_status":"closed","template":"","meta":{"_siteseo_robots_primary_cat":"","pagelayer_contact_templates":[],"_pagelayer_content":"","footnotes":""},"class_list":["post-388","page","type-page","status-publish","hentry"],"_links":{"self":[{"href":"https:\/\/majlis.com.br\/home\/wp-json\/wp\/v2\/pages\/388","targetHints":{"allow":["GET"]}}],"collection":[{"href":"https:\/\/majlis.com.br\/home\/wp-json\/wp\/v2\/pages"}],"about":[{"href":"https:\/\/majlis.com.br\/home\/wp-json\/wp\/v2\/types\/page"}],"author":[{"embeddable":true,"href":"https:\/\/majlis.com.br\/home\/wp-json\/wp\/v2\/users\/1"}],"replies":[{"embeddable":true,"href":"https:\/\/majlis.com.br\/home\/wp-json\/wp\/v2\/comments?post=388"}],"version-history":[{"count":5,"href":"https:\/\/majlis.com.br\/home\/wp-json\/wp\/v2\/pages\/388\/revisions"}],"predecessor-version":[{"id":408,"href":"https:\/\/majlis.com.br\/home\/wp-json\/wp\/v2\/pages\/388\/revisions\/408"}],"wp:attachment":[{"href":"https:\/\/majlis.com.br\/home\/wp-json\/wp\/v2\/media?parent=388"}],"curies":[{"name":"wp","href":"https:\/\/api.w.org\/{rel}","templated":true}]}}

<h2><br></h2>











<h2>Ciudad del Este fortalece relações internacionais em missão oficial aos Emirados Árabes Unidos</h2>













<p class="MsoNormal" style="text-align:justify">O prefeito de Ciudad del Este, Miguel Prieto, acompanhado de sua delegação oficial, realizou uma missão estratégica aos Emirados Árabes Unidos para fortalecer a cooperação internacional e impulsionar o desenvolvimento urbano da cidade. A missão contou com a articulação de Jihad Ahmad Abu Ali, que atuou como representante institucional.</p><p class="MsoNormal" style="text-align:justify"><br></p><p class="MsoNormal" style="text-align:justify">Durante a programação, a comitiva participou da AIM Conference (Annual Investment Meeting), um dos principais fóruns globais voltados à atração de investimentos e ao desenvolvimento de territórios inteligentes. O evento reuniu autoridades, empresários e lideranças internacionais comprometidas com soluções concretas para os desafios econômicos e urbanos do século XXI.</p><p class="MsoNormal" style="text-align:justify"><br></p><p class="MsoNormal" style="text-align:justify">A missão também incluiu visita técnica à Tatweer Middle East and Africa, empresa referência em inovação urbana e infraestrutura inteligente em Abu Dhabi. Com a articulação de Jihad Ahmad Abu Ali, foram estabelecidos contatos estratégicos para o fortalecimento de futuras cooperações nas áreas de mobilidade, tecnologia urbana e planejamento territorial.</p>
