{"id":39,"date":"2025-01-22T02:08:16","date_gmt":"2025-01-22T02:08:16","guid":{"rendered":"https:\/\/majlis.com.br\/home\/about\/"},"modified":"2025-04-02T15:37:54","modified_gmt":"2025-04-02T15:37:54","slug":"about","status":"publish","type":"page","link":"https:\/\/majlis.com.br\/home\/about\/","title":{"rendered":"Quem Somos"},"content":{"rendered":"\n\n\n<h2><br><\/h2>\n<p><br><\/p>\n<p><br><\/p>\n<p><br><\/p>\n\n\n\n\n<h1>\n\n\n\n\n\n\n\n\nQUEM soMOS<\/h1>\n<p style=\"text-align: justify;\">A Majlis Consultoria Internacional nasceu com a miss\u00e3o de impulsionar a internacionaliza\u00e7\u00e3o e fortalecer as rela\u00e7\u00f5es internacionais dos munic\u00edpios brasileiros. A inspira\u00e7\u00e3o para sua cria\u00e7\u00e3o surgiu ap\u00f3s a atua\u00e7\u00e3o de Jihad Ahmad Abu Ali como Diretor de Assuntos Internacionais do Munic\u00edpio de Foz do Igua\u00e7u, per\u00edodo em que ficou evidente a necessidade de muitos munic\u00edpios em estruturar e consolidar suas iniciativas internacionais.<\/p><p style=\"text-align: justify;\"><br><\/p><p style=\"text-align: justify;\">A Majlis se posiciona como um hub de boas pr\u00e1ticas e compartilhamento de experi\u00eancias, oferecendo solu\u00e7\u00f5es personalizadas para apoiar os munic\u00edpios na cria\u00e7\u00e3o e no fortalecimento de suas \u00e1reas de rela\u00e7\u00f5es internacionais. Por meio de consultoria especializada, ajudamos os munic\u00edpios a expandir sua presen\u00e7a no cen\u00e1rio global, promovendo parcerias estrat\u00e9gicas, atraindo investimentos e valorizando a identidade local em um contexto internacional.<\/p><p style=\"text-align: justify;\"><br><\/p><p style=\"text-align: justify;\">Nosso trabalho \u00e9 fundamentado em estrat\u00e9gias sob medida, adaptadas aos interesses e \u00e0s prioridades de cada munic\u00edpio. Atuamos com um networking qualificado e buscamos constantemente oportunidades que beneficiem diretamente as comunidades locais. Com ampla experi\u00eancia em paradiplomacia, a Majlis est\u00e1 comprometida em promover a institucionaliza\u00e7\u00e3o das rela\u00e7\u00f5es internacionais nos munic\u00edpios, contribuindo para um futuro mais conectado, integrado e globalmente relevante para o Brasil.<\/p>\n\n\n\n\n<p>Fundador, CEO<\/p>\n\n\n\n\n\n\n\n\n\n\n\n\n\n\n\n\n\n\n\n\n\n\n\n\n\n\n\n<p style=\"text-align: right; \"><span style=\"font-size: 20px; color: rgb(255, 255, 255);\"><strong style=\"line-height: 1;\">LOREM CORPORATE CEO<\/strong><\/span><\/p><p style=\"text-align: center;\"><span style=\"color: rgb(255, 255, 255);\">Duis aute irure dolor in reprehenderit in voluptate velit esse cillum dolore eu fugiat nulla pariatur. Excepteur sint occaecat cupidatat non proident, sunt in culpa qui officia deserunt mollit anim id est laborum.<\/span><\/p><p style=\"text-align: left;\"><sign>\u00a0 \u00a0 \u00a0 <span style=\"line-height: 2.0;\">Benn Marshall<\/span><\/sign><\/p>\n\n\n<h4>\n\n\n\n\n\n\n\n\n\n\n\n\n\n\n\n\n\n\n\n\n\n\n\n\n<\/h4><h4>Jihad Abu Ali atuou como Diretor de Assuntos Internacionais de Foz do Igua\u00e7u (2017-2024), destacando-se no fortalecimento das rela\u00e7\u00f5es com a China e pa\u00edses \u00e1rabes. Com ampla experi\u00eancia em diplomacia e coopera\u00e7\u00e3o internacional, liderou iniciativas que posicionaram a cidade como refer\u00eancia em integra\u00e7\u00e3o global, promovendo parcerias estrat\u00e9gicas e oportunidades de desenvolvimento.<\/h4>\n\n\n\n<p><br><\/p>\n<p><br><\/p>\n\n\n\n\n\n\n\n\n","protected":false},"excerpt":{"rendered":"","protected":false},"author":1,"featured_media":0,"parent":0,"menu_order":0,"comment_status":"closed","ping_status":"closed","template":"","meta":{"_siteseo_robots_primary_cat":"","pagelayer_contact_templates":[],"_pagelayer_content":"","footnotes":""},"class_list":["post-39","page","type-page","status-publish","hentry"],"_links":{"self":[{"href":"https:\/\/majlis.com.br\/home\/wp-json\/wp\/v2\/pages\/39","targetHints":{"allow":["GET"]}}],"collection":[{"href":"https:\/\/majlis.com.br\/home\/wp-json\/wp\/v2\/pages"}],"about":[{"href":"https:\/\/majlis.com.br\/home\/wp-json\/wp\/v2\/types\/page"}],"author":[{"embeddable":true,"href":"https:\/\/majlis.com.br\/home\/wp-json\/wp\/v2\/users\/1"}],"replies":[{"embeddable":true,"href":"https:\/\/majlis.com.br\/home\/wp-json\/wp\/v2\/comments?post=39"}],"version-history":[{"count":17,"href":"https:\/\/majlis.com.br\/home\/wp-json\/wp\/v2\/pages\/39\/revisions"}],"predecessor-version":[{"id":327,"href":"https:\/\/majlis.com.br\/home\/wp-json\/wp\/v2\/pages\/39\/revisions\/327"}],"wp:attachment":[{"href":"https:\/\/majlis.com.br\/home\/wp-json\/wp\/v2\/media?parent=39"}],"curies":[{"name":"wp","href":"https:\/\/api.w.org\/{rel}","templated":true}]}}

<h2><br></h2>
<p><br></p>
<p><br></p>
<p><br></p>




<h1>








QUEM soMOS</h1>
<p style="text-align: justify;">A Majlis Consultoria Internacional nasceu com a missão de impulsionar a internacionalização e fortalecer as relações internacionais dos municípios brasileiros. A inspiração para sua criação surgiu após a atuação de Jihad Ahmad Abu Ali como Diretor de Assuntos Internacionais do Município de Foz do Iguaçu, período em que ficou evidente a necessidade de muitos municípios em estruturar e consolidar suas iniciativas internacionais.</p><p style="text-align: justify;"><br></p><p style="text-align: justify;">A Majlis se posiciona como um hub de boas práticas e compartilhamento de experiências, oferecendo soluções personalizadas para apoiar os municípios na criação e no fortalecimento de suas áreas de relações internacionais. Por meio de consultoria especializada, ajudamos os municípios a expandir sua presença no cenário global, promovendo parcerias estratégicas, atraindo investimentos e valorizando a identidade local em um contexto internacional.</p><p style="text-align: justify;"><br></p><p style="text-align: justify;">Nosso trabalho é fundamentado em estratégias sob medida, adaptadas aos interesses e às prioridades de cada município. Atuamos com um networking qualificado e buscamos constantemente oportunidades que beneficiem diretamente as comunidades locais. Com ampla experiência em paradiplomacia, a Majlis está comprometida em promover a institucionalização das relações internacionais nos municípios, contribuindo para um futuro mais conectado, integrado e globalmente relevante para o Brasil.</p>




<p>Fundador, CEO</p>



























<p style="text-align: right; "><span style="font-size: 20px; color: rgb(255, 255, 255);"><strong style="line-height: 1;">LOREM CORPORATE CEO</strong></span></p><p style="text-align: center;"><span style="color: rgb(255, 255, 255);">Duis aute irure dolor in reprehenderit in voluptate velit esse cillum dolore eu fugiat nulla pariatur. Excepteur sint occaecat cupidatat non proident, sunt in culpa qui officia deserunt mollit anim id est laborum.</span></p><p style="text-align: left;"><sign>      <span style="line-height: 2.0;">Benn Marshall</span></sign></p>


<h4>
























</h4><h4>Jihad Abu Ali atuou como Diretor de Assuntos Internacionais de Foz do Iguaçu (2017-2024), destacando-se no fortalecimento das relações com a China e países árabes. Com ampla experiência em diplomacia e cooperação internacional, liderou iniciativas que posicionaram a cidade como referência em integração global, promovendo parcerias estratégicas e oportunidades de desenvolvimento.</h4>



<p><br></p>
<p><br></p>
